d by 283.
275
What is the remainder when 38084 is divided by 12694?
2
Calculate the remainder when 518 is divided by 52.
50
What is the remainder when 265 is divided by 89?
87
Calculate the remainder when 17 is divided by 13.
4
What is the remainder when 152 is divided by 22?
20
Calculate the remainder when 1706 is divided by 30.
26
What is the remainder when 266 is divided by 70?
56
What is the remainder when 18831 is divided by 214?
213
Calculate the remainder when 8160 is divided by 1360.
0
Calculate the remainder when 139 is divided by 63.
13
What is the remainder when 498 is divided by 50?
48
What is the remainder when 10095 is divided by 102?
99
What is the remainder when 43 is divided by 11?
10
What is the remainder when 3148 is divided by 70?
68
Calculate the remainder when 1429 is divided by 112.
85
Calculate the remainder when 174 is divided by 81.
12
Calculate the remainder when 259 is divided by 43.
1
What is the remainder when 94 is divided by 24?
22
What is the remainder when 305 is divided by 45?
35
Calculate the remainder when 781 is divided by 75.
31
What is the remainder when 281 is divided by 37?
22
What is the remainder when 1879 is divided by 47?
46
Calculate the remainder when 136 is divided by 34.
0
What is the remainder when 3905 is divided by 91?
83
What is the remainder when 303 is divided by 69?
27
Calculate the remainder when 18647 is divided by 50.
47
What is the remainder when 125 is divided by 66?
59
What is the remainder when 112 is divided by 19?
17
Calculate the remainder when 227 is divided by 3.
2
Calculate the remainder when 2347 is divided by 779.
10
What is the remainder when 332 is divided by 42?
38
What is the remainder when 247 is divided by 62?
61
What is the remainder when 154 is divided by 38?
2
Calculate the remainder when 1675 is divided by 535.
70
What is the remainder when 29 is divided by 24?
5
What is the remainder when 125 is divided by 50?
25
Calculate the remainder when 238 is divided by 62.
52
What is the remainder when 67 is divided by 23?
21
What is the remainder when 436 is divided by 210?
16
Calculate the remainder when 441 is divided by 56.
49
Calculate the remainder when 2249 is divided by 45.
44
What is the remainder when 368 is divided by 47?
39
Calculate the remainder when 324 is divided by 17.
1
Calculate the remainder when 396 is divided by 80.
76
Calculate the remainder when 224 is divided by 52.
16
Calculate the remainder when 24 is divided by 9.
6
What is the remainder when 51 is divided by 14?
9
What is the remainder when 8295 is divided by 244?
243
What is the remainder when 131 is divided by 34?
29
Calculate the remainder when 2785 is divided by 68.
65
What is the remainder when 44 is divided by 24?
20
What is the remainder when 261 is divided by 64?
5
Calculate the remainder when 167 is divided by 34.
31
Calculate the remainder when 279 is divided by 20.
19
What is the remainder when 177 is divided by 10?
7
Calculate the remainder when 81 is divided by 21.
18
What is the remainder when 281 is divided by 64?
25
What is the remainder when 171 is divided by 100?
71
What is the remainder when 89 is divided by 35?
19
Calculate the remainder when 694 is divided by 50.
44
What is the remainder when 332 is divided by 48?
44
What is the remainder when 1874 is divided by 45?
29
What is the remainder when 753 is divided by 161?
109
What is the remainder when 393 is divided by 121?
30
What is the remainder when 153 is divided by 13?
10
What is the remainder when 230 is divided by 22?
10
Calculate the remainder when 197 is divided by 44.
21
Calculate the remainder when 1156 is divided by 97.
89
Calculate the remainder when 555 is divided by 160.
75
What is the remainder when 1146 is divided by 21?
12
Calculate the remainder when 167 is divided by 17.
14
What is the remainder when 267 is divided by 18?
15
Calculate the remainder when 15 is divided by 8.
7
What is the remainder when 2720 is divided by 109?
104
What is the remainder when 8126 is divided by 8?
6
What is the remainder when 1262 is divided by 207?
20
What is the remainder when 233 is divided by 20?
13
What is the remainder when 468 is divided by 28?
20
What is the remainder when 90 is divided by 8?
2
What is the remainder when 5610 is divided by 122?
120
What is the remainder when 262 is divided by 38?
34
Calculate the remainder when 403 is divided by 46.
35
Calculate the remainder when 39 is divided by 21.
18
What is the remainder when 323 is divided by 158?
7
Calculate the remainder when 3159 is divided by 20.
19
What is the remainder when 5399 is divided by 50?
49
What is the remainder when 1244 is divided by 142?
108
What is the remainder when 7373 is divided by 121?
113
Calculate the remainder when 329 is divided by 20.
9
Calculate the remainder when 205 is divided by 32.
13
What is the remainder when 53 is divided by 36?
17
Calculate the remainder when 210 is divided by 4.
2
Calculate the remainder when 58 is divided by 16.
10
Calculate the remainder when 184 is divided by 79.
26
Calculate the remainder when 552 is divided by 18.
12
What is the remainder when 99 is divided by 44?
11
Calculate the remainder when 463 is divided by 199.
65
Calculate the remainder when 463 is divided by 3.
1
Calculate the remainder when 59 is divided by 10.
9
Calculate the remainder when 196 is divided by 22.
20
Calculate the remainder when 6433 is divided by 99.
97
Calculate the remainder when 142 is divided by 28.
2
Calculate the remainder when 2858 is divided by 55.
53
Calculate the remainder when 317 is divided by 20.
17
What is the remainder when 2941 is divided by 8?
5
Calculate the remainder when 566 is divided by 104.
46
What is the remainder when 282 is divided by 13?
9
Calculate the remainder when 251 is divided by 128.
123
What is the remainder when 1977 is divided by 73?
6
What is the remainder when 1853 is divided by 169?
163
Calculate the remainder when 1793 is divided by 46.
45
Calculate the remainder when 499 is divided by 111.
55
What is the remainder when 1039 is divided by 207?
4
What is the remainder when 304 is divided by 9?
7
Calculate the remainder when 359 is divided by 6.
5
Calculate the remainder when 269 is divided by 22.
5
What is the remainder when 166 is divided by 86?
80
Calculate the remainder when 372 is divided by 36.
12
Calculate the remainder when 2457 is divided by 77.
70
What is the remainder when 38 is divided by 13?
12
Calculate the remainder when 98 is divided by 28.
14
What is the remainder when 1079 is divided by 23?
21
What is the remainder when 304 is divided by 5?
4
Calculate the remainder when 3442 is divided by 855.
22
What is the remainder when 47 is divided by 10?
7
What is the remainder when 1837 is divided by 92?
89
What is the remainder when 26738 is divided by 143?
140
Calculate the remainder when 112 is divided by 39.
34
What is the remainder when 403 is divided by 45?
43
Calculate the remainder when 782 is divided by 87.
86
Calculate the remainder when 229 is divided by 63.
40
Calculate the remainder when 6764 is divided by 65.
4
What is the remainder when 110 is divided by 14?
12
Calculate the remainder when 558 is divided by 279.
0
Calculate the remainder when 310 is divided by 159.
151
Calculate the remainder when 216 is divided by 14.
6
What is the remainder when 129 is divided by 3?
0
Calculate the remainder when 175 is divided by 18.
13
What is the remainder when 195 is divided by 46?
11
Calculate the remainder when 936 is divided by 277.
105
What is the remainder when 25517 is divided by 80?
77
Calculate the remainder when 350 is divided by 91.
77
Calculate the remainder when 21 is divided by 12.
9
Calculate the remainder when 99 is divided by 58.
41
Calculate the remainder when 949 is divided by 195.
169
Calculate the remainder when 473 is divided by 19.
17
What is the remainder when 540 is divided by 21?
15
Calculate the remainder when 138 is divided by 82.
56
What is the remainder when 30855 is divided by 38?
37
What is the remainder when 929 is divided by 117?
110
What is the remainder when 2554 is divided by 82?
12
Calculate the remainder when 3298 is divided by 52.
22
What is the remainder when 435 is divided by 19?
17
Calculate the remainder when 274 is divided by 